common divisor of 304 and c?
16
Let k(q) = -46*q**3 + q**2 + 11*q + 28. Let c be k(-2). Calculate the greatest common factor of 14 and c.
14
Suppose 13*b - 1863 = 1231. Let a = 250 - b. Suppose 5*z - 2*z - 24 = 0. Calculate the highest common divisor of z and a.
4
Suppose c = 2*j + 410, 0*c - 2*j + 1620 = 4*c. Let b = c - 284. Let h be b - (0 + 2)*1. What is the greatest common divisor of 12 and h?
12
Suppose 41*u - 4*q = 39*u + 2, u + 4*q - 31 = 0. Let w(f) = f**3 + 1. Let s be w(0). What is the greatest common divisor of s and u?
1
Suppose 0 = -5*i + 59 + 6. Let n = i - 2. What is the highest common divisor of 77 and n?
11
Let c be 7 + -12 + 177 + 0. Suppose -2*g = -3*x - 5*g + 129, 4*x - 3*g = c. Calculate the greatest common divisor of 473 and x.
43
Suppose -f = i + 3*i + 12, -5*f + 35 = i. Suppose -12 = -4*u + 2*r, 36*u = 31*u + 5*r + 25. Calculate the highest common factor of f and u.
1
Let u(s) = -s**3 + 28. Let n = -4 - -4. Suppose n = -5*h - 0*h. Let p be u(h). What is the greatest common factor of p and 84?
28
Suppose 0 = 2*q, -q - 2*q = -3*p + 2151. Let w = p - 321. Calculate the greatest common factor of 36 and w.
36
Let c be -4 + (7 - -3) - (12 - 15). Let y = 5 - 2. Calculate the highest common factor of y and c.
3
Let p(o) = -23*o + 311. Let f be p(13). What is the highest common factor of f and 148?
4
Suppose 5*t - f - 180 = -0*t, 5*t - 180 = 5*f. Calculate the greatest common divisor of t and 414.
18
Let z be (-8 - -137)*(-1)/(-3). Let v = z - 13. What is the greatest common factor of 30 and v?
30
Let v(z) = z + 12. Let m be v(-4). Let q be (47 + -1)/(7 - m). Let f = 81 + q. Calculate the greatest common factor of f and 7.
7
Suppose 21 = r - w + 9, 4*r - 5*w = 51. Let t be ((-18)/r)/(2*-1). What is the greatest common divisor of t and 5?
1
Let m be 24 - (1 + -3)/2. Let q = -20 + m. Suppose 155 = 5*l + 4*w, 0 = q*l + 5*w - 21 - 129. Calculate the highest common factor of 105 and l.
35
Let o(w) = w**3 - 14*w**2 + 22*w - 33. Let p be o(13). Calculate the greatest common divisor of 714 and p.
42
Let r = 12 - 9. Suppose 11 = r*z - 10. Let b be (z/(-2) + 0)*-4. Calculate the highest common factor of b and 98.
14
Suppose i + 4*g - 23 = 56, 5*g + 495 = 5*i. Calculate the greatest common factor of i and 3040.
95
Let m = -234 - -266. What is the highest common factor of 2 and m?
2
Let k = -208 - -222. What is the greatest common divisor of k and 4?
2
Suppose -2 = -10*q + 8*q, 3*c = 5*q + 346. Calculate the highest common divisor of c and 9.
9
Let u(q) = -3*q**2 + 33*q - 76. Let b be u(7). Calculate the highest common divisor of b and 724.
4
Let x(j) = j**2 + 1. Let z be x(-1). Suppose -2*t + 0 - 2 = 0. Let d be t/((-2)/(44/z)). Calculate the highest common factor of d and 121.
11
Let y(c) = 3*c**2 + c - 34. Let n be y(-8). Calculate the highest common divisor of 250 and n.
50
Let c(z) = -3*z**2 + 12. Suppose 2*h - 2*v + 8 = 0, 0*v = -5*h - 3*v - 36. Let l be c(h). Let i = l - -171. What is the greatest common factor of i and 30?
15
Let o(k) be the second derivative of k**3/6 + 11*k. Let c be o(10). What is the greatest common factor of c and 5?
5
Suppose 0 = 5*z - 0*z + 115. Let i = 25 + z. What is the highest common factor of 16 and i?
2
Let q be (-125)/10*(-3 + 1)/1. Let a be 0 + 0 - (-109 - q/(-5)). Calculate the greatest common factor of 13 and a.
13
Suppose 2*l - a - 67 = 0, a - 171 = -3*l - 2*l. What is the highest common divisor of 374 and l?
34
Let s be (2 - 0) + -4 - -43. Suppose 6*a = -23 + s. What is the highest common divisor of 48 and a?
3
Let i(a) = a**2 - 16*a - 63. Let g be i(20). Let x(s) = s - 10. Let c be x(8). Let h be (-70)/(-1 + 0) + c. Calculate the highest common divisor of h and g.
17
Suppose 0 = 17*c + 43 + 25. Let n be -2 - (-4 + 20/c). What is the highest common divisor of n and 91?
7
Let z(j) = -57*j**2 - j - 2. Let t be z(-1). Let w = t - -73. What is the highest common divisor of 105 and w?
15
Let j(n) = n**3 + 22*n**2 - 28*n - 73. Let v be j(-23). Calculate the greatest common factor of 182 and v.
14
Let d = -6 + 5. Let p be 1135/(d + 5 + -3). Suppose p = 4*t + 343. Calculate the greatest common divisor of 18 and t.
18
Let p be 5895/27 - 10/(-6). Calculate the greatest common factor of 132 and p.
44
Suppose 4*u - 19 = 3*u. Let c(y) = y - 3. Let v be c(0). Let p(h) = 3*h**2 + 4*h + 4. Let t be p(v). Calculate the highest common factor of u and t.
19
Let l(y) = -14*y**3 - y - 1. Suppose 5*s + 4 + 1 = 0. Let z be l(s). Suppose 1869 = 11*c + 329. What is the greatest common factor of c and z?
14
Let d = 16 - 25. Let z(w) = w + 9. Let q be z(d). Let f be q/(-2 - 2) - -6. Calculate the highest common divisor of 48 and f.
6
Let f = -292 - -469. What is the greatest common factor of f and 118?
59
Let q(a) = -2*a**3 - 5*a**2 - 24*a - 115. Let d be q(-7). What is the highest common divisor of 38 and d?
38
Let m be (66/15)/(5/75). Calculate the highest common factor of m and 6.
6
Let f = 749 + -589. What is the greatest common divisor of 40 and f?
40
Let q(c) = 2*c + 0*c + 1 - 3*c. Suppose 1 + 6 = -n. Let u be q(n). Calculate the highest common divisor of u and 8.
8
Suppose 4*w = 7 + 1. Suppose -5*z + w*z = -15. Suppose -17 = -3*a - z. What is the highest common divisor of a and 36?
4
Suppose -682 = -8*j - 90. Calculate the greatest common divisor of 333 and j.
37
Let v = -60 - -71. Suppose 77 = 2*o + v. Calculate the highest common factor of 66 and o.
33
Suppose 3*d + 2*x - 14 = 0, 1 - 11 = -3*d + 2*x. Let a(m) = 8*m + 1 - 7 - 2. Let r be a(d). What is the highest common divisor of 168 and r?
24
Let g = 1676 - 1490. What is the greatest common divisor of g and 1767?
93
Let m be -1 + -3 + (12/2)/2. Let l(c) = -270*c**3 - c**2 + 3*c + 4. Let o be l(m). What is the highest common divisor of o and 30?
30
Let x(h) = -h + 13. Let m be x(8). Suppose -10*v = -12*v + 110. Calculate the greatest common divisor of v and m.
5
Suppose 0 = 6*o - 56 - 4. Let i(b) = b**3 - 3*b**2 - b + 8. Let t be 46/8 + (-5)/(-20). Let s be i(t). Calculate the highest common divisor of o and s.
10
Let v = 52 - 51. Suppose -x - 3*o - 3 = v, 0 = 5*o + 20. Let t = -80 - -168. What is the highest common factor of x and t?
8
Suppose n - 12 = 36. Let t be (61 - 59) + (4 - 0). Calculate the highest common factor of t and n.
6
Suppose 8*q - 91 = 1269. What is the highest common divisor of 10 and q?
10
Let i be (-25 - -8)/((-2)/(-84)). Let w be (-14)/(-21) + i/(-9). What is the highest common factor of w and 10?
10
Let j(v) = -4*v - 4. Let s be j(-5). Let c be (3/(-2))/((-1)/s). Let x(u) = -12*u + 12. Let i be x(-3). What is the greatest common factor of i and c?
24
Suppose n = 2, -24*r + 23*r = -3*n - 29. What is the highest common divisor of r and 5?
5
Let j = 3 + 29. Suppose 0 = -5*c + 43 - 13. Suppose -4*o - j = -c*o. Calculate the highest common factor of 2 and o.
2
Suppose 0 = -3*z + 4*z - 14. Calculate the highest common factor of 154 and z.
14
Let t(g) = -g**2 + 8*g + 9. Let m be t(8). Suppose -4 = 4*d - 28. Calculate the highest common factor of m and d.
3
Let a be (-17)/(-4) + (-1)/4. Let d(q) = 24*q + 435. Let y be d(-18). Let i = a + y. What is the greatest common factor of 77 and i?
7
Let q(m) = -10*m + 252. Let v be q(24). What is the greatest common factor of 4 and v?
4
Suppose -l - 2 = -2*l. Let p(o) = -16*o**l - 5*o + 2*o + 2 + 17*o**2. Let z be p(3). Calculate the greatest common factor of 16 and z.
2
Let a(y) = -18*y - 81. Let z be a(-9). What is the greatest common factor of z and 3?
3
Let v = -1 - -5. Suppose -v*j + 453 = -3*x, 3*j - 127 = 2*j - 2*x. What is the highest common divisor of 13 and j?
13
Let i(y) = 2*y + 2. Let w be i(6). Let t(p) = -40*p - 5. Let k be t(-4). Suppose 0 = -5*l + k + 125. Calculate the highest common factor of l and w.
14
Let w be (-3*1/2)/((-137)/548). Suppose 0 = 2*a + 3*a - 120. Calculate the greatest common divisor of w and a.
6
Let z(s) = -2*s + 2. Let k be z(2). Let v(y) = -y**3 + 3*y + 2. Let n be v(k). Let w be (-178)/(-4) - (-1)/(-2). What is the greatest common divisor of w and n?
4
Suppose 126 = 3*p - 9. Let d be 9/(p/(-130))*-1. Calculate the greatest common factor of d and 182.
26
Suppose -12*x + 680 = 2*b - 10*x, -4*b = -5*x - 1369. What is the greatest common factor of 33 and b?
11
Let w(